{"id":1485,"date":"2021-11-27T20:29:41","date_gmt":"2021-11-27T15:29:41","guid":{"rendered":"http:\/\/www.rodosgroup.co\/?page_id=1485"},"modified":"2026-03-12T02:06:08","modified_gmt":"2026-03-11T21:06:08","slug":"contactenos","status":"publish","type":"page","link":"https:\/\/www.rodosgroup.co\/?page_id=1485","title":{"rendered":"Cont\u00e1ctenos"},"content":{"rendered":"\n<p class=\"has-drop-cap\" style=\"font-size:18px\">La&nbsp;comunicaci\u00f3n&nbsp;es la esencia de la actividad organizativa y es imprescindible para su buen funcionamiento. Una buena comunicaci\u00f3n mejora la competitividad de la organizaci\u00f3n, su adaptaci\u00f3n a los cambios del entorno, facilita el logro de los objetivos y metas establecidas, satisface las propias necesidades y la de los participantes, coordina y controla las actividades y fomenta una buena motivaci\u00f3n, compromiso, responsabilidad, implicaci\u00f3n y participaci\u00f3n de sus integrantes y un buen clima integrador de trabajo.<\/p>\n\n\n\n<p>Nos puedes escribir un mail o dando click en los iconos a nuestro Whatsapp o a nuestro Telegram, nos comunicaremos en breve contigo&#8230;<\/p>\n\n\n<div class=\"wp-block-image\">\n<figure class=\"aligncenter size-full is-resized\"><a href=\"https:\/\/api.whatsapp.com\/send?phone=+undefined+573008822777&amp;text=Hola%20me%20estoy%20comunicando%20con%20la%20empresa%20RODOS%20GROUP%20SAS%20buen%20dia%20\"><img loading=\"lazy\" decoding=\"async\" width=\"1000\" height=\"1000\" src=\"https:\/\/www.rodosgroup.co\/wp-content\/uploads\/2021\/11\/logo-whatsapp-sin-fondo.png\" alt=\"\" class=\"wp-image-1466\" style=\"width:79px;height:79px\" srcset=\"https:\/\/www.rodosgroup.co\/wp-content\/uploads\/2021\/11\/logo-whatsapp-sin-fondo.png 1000w, https:\/\/www.rodosgroup.co\/wp-content\/uploads\/2021\/11\/logo-whatsapp-sin-fondo-300x300.png 300w, https:\/\/www.rodosgroup.co\/wp-content\/uploads\/2021\/11\/logo-whatsapp-sin-fondo-150x150.png 150w, https:\/\/www.rodosgroup.co\/wp-content\/uploads\/2021\/11\/logo-whatsapp-sin-fondo-768x768.png 768w\" sizes=\"auto, (max-width: 1000px) 100vw, 1000px\" \/><\/a><figcaption class=\"wp-element-caption\"> Whatsapp<\/figcaption><\/figure>\n<\/div>\n\n<div class=\"wp-block-image\">\n<figure class=\"aligncenter size-full is-resized\"><a href=\"https:\/\/t.me\/rodosgroupsas\"><img loading=\"lazy\" decoding=\"async\" width=\"1000\" height=\"1000\" src=\"https:\/\/www.rodosgroup.co\/wp-content\/uploads\/2021\/11\/logo-telegram-sin-fondo-1.png\" alt=\"\" class=\"wp-image-1467\" style=\"width:66px;height:66px\" srcset=\"https:\/\/www.rodosgroup.co\/wp-content\/uploads\/2021\/11\/logo-telegram-sin-fondo-1.png 1000w, https:\/\/www.rodosgroup.co\/wp-content\/uploads\/2021\/11\/logo-telegram-sin-fondo-1-300x300.png 300w, https:\/\/www.rodosgroup.co\/wp-content\/uploads\/2021\/11\/logo-telegram-sin-fondo-1-150x150.png 150w, https:\/\/www.rodosgroup.co\/wp-content\/uploads\/2021\/11\/logo-telegram-sin-fondo-1-768x768.png 768w\" sizes=\"auto, (max-width: 1000px) 100vw, 1000px\" \/><\/a><figcaption class=\"wp-element-caption\">Telegram<\/figcaption><\/figure>\n<\/div>\n\n\n<p class=\"has-medium-font-size\">RODOS GROUP SAS<\/p>\n\n\n\n<p>NIT: 901406312-5<\/p>\n\n\n\n<p>Celular: +57 300 88 22 777<\/p>\n\n\n\n<p>mail: contacto@rodosgroup.co o rodosgroupsas@gmail.com<\/p>\n\n\n\n<p>Bogota D.C.<\/p>\n\n\n\n<p><\/p>\n\n\n\n<p><\/p>\n\n\n\n<figure class=\"wp-block-image size-full is-resized\"><img loading=\"lazy\" decoding=\"async\" width=\"257\" height=\"196\" src=\"https:\/\/www.rodosgroup.co\/wp-content\/uploads\/2021\/11\/bogota.jpeg\" alt=\"\" class=\"wp-image-1528\" style=\"width:390px;height:297px\"\/><\/figure>\n","protected":false},"excerpt":{"rendered":"<p>La&nbsp;comunicaci\u00f3n&nbsp;es la esencia de la actividad organizativa y es imprescindible para su buen funcionamiento. Una buena comunicaci\u00f3n mejora la competitividad de la organizaci\u00f3n, su adaptaci\u00f3n a los cambios del entorno, facilita el logro de los objetivos y metas establecidas, satisface las propias necesidades y la de los participantes, coordina y controla las actividades y fomenta [&hellip;]<\/p>\n","protected":false},"author":1,"featured_media":0,"parent":0,"menu_order":0,"comment_status":"closed","ping_status":"closed","template":"","meta":{"_coblocks_attr":"","_coblocks_dimensions":"","_coblocks_responsive_height":"","_coblocks_accordion_ie_support":"","hide_page_title":"","footnotes":""},"class_list":["post-1485","page","type-page","status-publish","hentry"],"_links":{"self":[{"href":"https:\/\/www.rodosgroup.co\/index.php?rest_route=\/wp\/v2\/pages\/1485","targetHints":{"allow":["GET"]}}],"collection":[{"href":"https:\/\/www.rodosgroup.co\/index.php?rest_route=\/wp\/v2\/pages"}],"about":[{"href":"https:\/\/www.rodosgroup.co\/index.php?rest_route=\/wp\/v2\/types\/page"}],"author":[{"embeddable":true,"href":"https:\/\/www.rodosgroup.co\/index.php?rest_route=\/wp\/v2\/users\/1"}],"replies":[{"embeddable":true,"href":"https:\/\/www.rodosgroup.co\/index.php?rest_route=%2Fwp%2Fv2%2Fcomments&post=1485"}],"version-history":[{"count":14,"href":"https:\/\/www.rodosgroup.co\/index.php?rest_route=\/wp\/v2\/pages\/1485\/revisions"}],"predecessor-version":[{"id":1651,"href":"https:\/\/www.rodosgroup.co\/index.php?rest_route=\/wp\/v2\/pages\/1485\/revisions\/1651"}],"wp:attachment":[{"href":"https:\/\/www.rodosgroup.co\/index.php?rest_route=%2Fwp%2Fv2%2Fmedia&parent=1485"}],"curies":[{"name":"wp","href":"https:\/\/api.w.org\/{rel}","templated":true}]}}